{"id":595,"date":"2017-03-05T02:00:15","date_gmt":"2017-03-05T02:00:15","guid":{"rendered":"http:\/\/osmosefilmes.com.br\/site\/?page_id=595"},"modified":"2022-03-31T19:07:55","modified_gmt":"2022-03-31T19:07:55","slug":"clarice-saliby","status":"publish","type":"page","link":"http:\/\/osmosefilmes.com.br\/site\/?page_id=595","title":{"rendered":"Clarice Saliby"},"content":{"rendered":"<p><a href=\"http:\/\/osmosefilmes.com.br\/site\/?attachment_id=1803\" rel=\"attachment wp-att-1803\"><img loading=\"lazy\" class=\"size-full wp-image-1803 aligncenter\" src=\"http:\/\/osmosefilmes.com.br\/site\/wp-content\/uploads\/2022\/03\/cla-perfil.jpg\" alt=\"\" width=\"465\" height=\"465\" srcset=\"http:\/\/osmosefilmes.com.br\/site\/wp-content\/uploads\/2022\/03\/cla-perfil.jpg 465w, http:\/\/osmosefilmes.com.br\/site\/wp-content\/uploads\/2022\/03\/cla-perfil-300x300.jpg 300w, http:\/\/osmosefilmes.com.br\/site\/wp-content\/uploads\/2022\/03\/cla-perfil-150x150.jpg 150w\" sizes=\"(max-width: 465px) 100vw, 465px\" \/><\/a><\/p>\n<p>Clarice Saliby \u00e9 documentarista e atua no mercado cinematogr\u00e1fico em diversas fun\u00e7\u00f5es desde 2003. Diretora, pesquisadora, roteirista e montadora do curta-metragem document\u00e1rio \u201cEfeito Casimiro\u201d, que conta a hist\u00f3ria do woodstock ufol\u00f3gico ocorrido em Casimiro de Abreu (RJ), em 1980. O curta estreou no Festival do Rio de 2013 e participou de in\u00fameros festivais nacionais e internacionais. Vencedor de 8 pr\u00eamios, entre eles o de melhor document\u00e1rio curta-metragem no Grande Pr\u00eamio do Cinema Brasileiro de 2015.<\/p>\n<p>Diretora, pesquisadora e roteirista do longa-metragem document\u00e1rio \u201cBoa Noite\u201d, um retrato \u00edntimo do locutor Cid Moreira. Produzido pela Tvzero, o filme estreou na Sele\u00e7\u00e3o Oficial do Festival Internacional de Document\u00e1rio \u201c\u00c9 Tudo Verdade 2020\u201d.<\/p>\n<p>Assina roteiro, pesquisa e codire\u00e7\u00e3o do longa-metragem documental &#8220;Invenc\u00edveis&#8221;, em parceria com Vitor Leite, produzido pela Tvzero e com estreia prevista para 2023.<\/p>\n<p>Assina tamb\u00e9m o roteiro da s\u00e9rie documental \u201cO Caso Escola Base\u201d junto com o diretor Paulo Henrique Fontenelle (estreia em 2022 no Canal Brasil). Produtora Executiva do document\u00e1rio longa-metragem \u201cCora\u00e7\u00e3o Vagabundo\u201d de Fernando Grostein Andrade (2008) sobre a turn\u00ea internacional &#8220;A Foreign Sound&#8221;, de Caetano Veloso.<\/p>\n<p>Como coordenadora de n\u00facleo de programas no Canal Futura (Funda\u00e7\u00e3o Roberto Marinho), supervisionou in\u00fameras produ\u00e7\u00f5es documentais de produtoras renomadas como: Pindorama Filmes, Giros Produ\u00e7\u00f5es, Ocean Films, Bossa Nova Films, Conspira\u00e7\u00e3o Filmes, Panor\u00e2mica, Cinegroup, etc.<\/p>\n<p>Mestre em Comunica\u00e7\u00e3o na Escola de Comunica\u00e7\u00e3o da UFRJ com pesquisa no campo do cinema document\u00e1rio. O livro baseado em sua pesquisa sobre a rela\u00e7\u00e3o do tabu da morte com o cinema document\u00e1rio ser\u00e1 lan\u00e7ado em 2022. Doutoranda em filosofia na UERJ com pesquisa sobre a Umbanda como filosofia de re-exist\u00eancia. Ministra aulas em cursos de roteiro e document\u00e1rio na Universidade Veiga de Almeida e Academia Internacional de Cinema.<\/p>\n\n\n<p><\/p>\n","protected":false},"excerpt":{"rendered":"<p>Clarice Saliby \u00e9 documentarista e atua no mercado cinematogr\u00e1fico em diversas fun\u00e7\u00f5es desde 2003. Diretora, pesquisadora, roteirista e montadora do curta-metragem document\u00e1rio \u201cEfeito Casimiro\u201d, que conta a hist\u00f3ria do woodstock ufol\u00f3gico ocorrido em Casimiro de Abreu (RJ), em 1980. O curta estreou no Festival do Rio de 2013 e participou de in\u00fameros festivais nacionais e [&hellip;]<\/p>\n","protected":false},"author":1,"featured_media":0,"parent":0,"menu_order":0,"comment_status":"open","ping_status":"open","template":"","meta":[],"_links":{"self":[{"href":"http:\/\/osmosefilmes.com.br\/site\/index.php?rest_route=\/wp\/v2\/pages\/595"}],"collection":[{"href":"http:\/\/osmosefilmes.com.br\/site\/index.php?rest_route=\/wp\/v2\/pages"}],"about":[{"href":"http:\/\/osmosefilmes.com.br\/site\/index.php?rest_route=\/wp\/v2\/types\/page"}],"author":[{"embeddable":true,"href":"http:\/\/osmosefilmes.com.br\/site\/index.php?rest_route=\/wp\/v2\/users\/1"}],"replies":[{"embeddable":true,"href":"http:\/\/osmosefilmes.com.br\/site\/index.php?rest_route=%2Fwp%2Fv2%2Fcomments&post=595"}],"version-history":[{"count":6,"href":"http:\/\/osmosefilmes.com.br\/site\/index.php?rest_route=\/wp\/v2\/pages\/595\/revisions"}],"predecessor-version":[{"id":1806,"href":"http:\/\/osmosefilmes.com.br\/site\/index.php?rest_route=\/wp\/v2\/pages\/595\/revisions\/1806"}],"wp:attachment":[{"href":"http:\/\/osmosefilmes.com.br\/site\/index.php?rest_route=%2Fwp%2Fv2%2Fmedia&parent=595"}],"curies":[{"name":"wp","href":"https:\/\/api.w.org\/{rel}","templated":true}]}}

<p><a href="http://osmosefilmes.com.br/site/?attachment_id=1803" rel="attachment wp-att-1803"><img loading="lazy" class="size-full wp-image-1803 aligncenter" src="http://osmosefilmes.com.br/site/wp-content/uploads/2022/03/cla-perfil.jpg" alt="" width="465" height="465" srcset="http://osmosefilmes.com.br/site/wp-content/uploads/2022/03/cla-perfil.jpg 465w, http://osmosefilmes.com.br/site/wp-content/uploads/2022/03/cla-perfil-300x300.jpg 300w, http://osmosefilmes.com.br/site/wp-content/uploads/2022/03/cla-perfil-150x150.jpg 150w" sizes="(max-width: 465px) 100vw, 465px" /></a></p>
<p>Clarice Saliby é documentarista e atua no mercado cinematográfico em diversas funções desde 2003. Diretora, pesquisadora, roteirista e montadora do curta-metragem documentário “Efeito Casimiro”, que conta a história do woodstock ufológico ocorrido em Casimiro de Abreu (RJ), em 1980. O curta estreou no Festival do Rio de 2013 e participou de inúmeros festivais nacionais e internacionais. Vencedor de 8 prêmios, entre eles o de melhor documentário curta-metragem no Grande Prêmio do Cinema Brasileiro de 2015.</p>
<p>Diretora, pesquisadora e roteirista do longa-metragem documentário “Boa Noite”, um retrato íntimo do locutor Cid Moreira. Produzido pela Tvzero, o filme estreou na Seleção Oficial do Festival Internacional de Documentário “É Tudo Verdade 2020”.</p>
<p>Assina roteiro, pesquisa e codireção do longa-metragem documental &#8220;Invencíveis&#8221;, em parceria com Vitor Leite, produzido pela Tvzero e com estreia prevista para 2023.</p>
<p>Assina também o roteiro da série documental “O Caso Escola Base” junto com o diretor Paulo Henrique Fontenelle (estreia em 2022 no Canal Brasil). Produtora Executiva do documentário longa-metragem “Coração Vagabundo” de Fernando Grostein Andrade (2008) sobre a turnê internacional &#8220;A Foreign Sound&#8221;, de Caetano Veloso.</p>
<p>Como coordenadora de núcleo de programas no Canal Futura (Fundação Roberto Marinho), supervisionou inúmeras produções documentais de produtoras renomadas como: Pindorama Filmes, Giros Produções, Ocean Films, Bossa Nova Films, Conspiração Filmes, Panorâmica, Cinegroup, etc.</p>
<p>Mestre em Comunicação na Escola de Comunicação da UFRJ com pesquisa no campo do cinema documentário. O livro baseado em sua pesquisa sobre a relação do tabu da morte com o cinema documentário será lançado em 2022. Doutoranda em filosofia na UERJ com pesquisa sobre a Umbanda como filosofia de re-existência. Ministra aulas em cursos de roteiro e documentário na Universidade Veiga de Almeida e Academia Internacional de Cinema.</p>


<p></p>

<p>Clarice Saliby é documentarista e atua no mercado cinematográfico em diversas funções desde 2003. Diretora, pesquisadora, roteirista e montadora do curta-metragem documentário “Efeito Casimiro”, que conta a história do woodstock ufológico ocorrido em Casimiro de Abreu (RJ), em 1980. O curta estreou no Festival do Rio de 2013 e participou de inúmeros festivais nacionais e [&hellip;]</p>
