{"id":645,"date":"2017-03-05T03:50:27","date_gmt":"2017-03-05T03:50:27","guid":{"rendered":"http:\/\/osmosefilmes.com.br\/site\/?page_id=645"},"modified":"2017-03-05T03:50:27","modified_gmt":"2017-03-05T03:50:27","slug":"tatiana-bacal","status":"publish","type":"page","link":"http:\/\/osmosefilmes.com.br\/site\/?page_id=645","title":{"rendered":"Tatiana Bacal"},"content":{"rendered":"<p><a href=\"http:\/\/osmosefilmes.com.br\/site\/?attachment_id=635\" rel=\"attachment wp-att-635\"><img loading=\"lazy\" class=\"alignnone size-large wp-image-635\" alt=\"IMG_6757 (1)\" src=\"http:\/\/osmosefilmes.com.br\/site\/wp-content\/uploads\/2017\/03\/IMG_6757-1-1024x753.jpg\" width=\"584\" height=\"429\" srcset=\"http:\/\/osmosefilmes.com.br\/site\/wp-content\/uploads\/2017\/03\/IMG_6757-1-1024x753.jpg 1024w, http:\/\/osmosefilmes.com.br\/site\/wp-content\/uploads\/2017\/03\/IMG_6757-1-150x110.jpg 150w, http:\/\/osmosefilmes.com.br\/site\/wp-content\/uploads\/2017\/03\/IMG_6757-1-300x220.jpg 300w, http:\/\/osmosefilmes.com.br\/site\/wp-content\/uploads\/2017\/03\/IMG_6757-1-407x300.jpg 407w\" sizes=\"(max-width: 584px) 100vw, 584px\" \/><\/a><\/p>\n<p>Antrop\u00f3loga, com mestrado em Antropologia Social pelo programa de p\u00f3s gradua\u00e7\u00e3o em Antropologia Social do Museu Nacional e doutorado em Antropologia Cultural pela UFRJ. Atualmente cursa p\u00f3s doutorado no programa de Sociologia e Antropologia da UFRJ e \u00e9 coordenadora associada do N\u00facleo de Experimenta\u00e7\u00f5es em Etnografia e Imagem da UFRJ.<\/p>\n<p>Foi professora no Departamaento de Ci\u00eancias Sociais da PUC Rio e publicou diversos livros como \u201cO Produtor Como Autor: o Digital Como Ferramenta, Fetiche e Est\u00e9tica\u201d, \u201cM\u00fasica, M\u00e1quinas e Humanos: os DJs no Cen\u00e1rio da M\u00fasica Eletr\u00f4nica\u201d e \u201cA MPB em Discuss\u00e3o \u2013 Entrevistas\u201d.<\/p>\n<p>Realizou trabalhos na \u00e1rea de Antropologia com \u00eanfase em Antropologia da M\u00fasica, Antropologia Visual e em Antropologia da Arte.<\/p>\n","protected":false},"excerpt":{"rendered":"<p>Antrop\u00f3loga, com mestrado em Antropologia Social pelo programa de p\u00f3s gradua\u00e7\u00e3o em Antropologia Social do Museu Nacional e doutorado em Antropologia Cultural pela UFRJ. Atualmente cursa p\u00f3s doutorado no programa de Sociologia e Antropologia da UFRJ e \u00e9 coordenadora associada do N\u00facleo de Experimenta\u00e7\u00f5es em Etnografia e Imagem da UFRJ. Foi professora no Departamaento de [&hellip;]<\/p>\n","protected":false},"author":1,"featured_media":0,"parent":0,"menu_order":0,"comment_status":"open","ping_status":"open","template":"","meta":[],"_links":{"self":[{"href":"http:\/\/osmosefilmes.com.br\/site\/index.php?rest_route=\/wp\/v2\/pages\/645"}],"collection":[{"href":"http:\/\/osmosefilmes.com.br\/site\/index.php?rest_route=\/wp\/v2\/pages"}],"about":[{"href":"http:\/\/osmosefilmes.com.br\/site\/index.php?rest_route=\/wp\/v2\/types\/page"}],"author":[{"embeddable":true,"href":"http:\/\/osmosefilmes.com.br\/site\/index.php?rest_route=\/wp\/v2\/users\/1"}],"replies":[{"embeddable":true,"href":"http:\/\/osmosefilmes.com.br\/site\/index.php?rest_route=%2Fwp%2Fv2%2Fcomments&post=645"}],"version-history":[{"count":1,"href":"http:\/\/osmosefilmes.com.br\/site\/index.php?rest_route=\/wp\/v2\/pages\/645\/revisions"}],"predecessor-version":[{"id":646,"href":"http:\/\/osmosefilmes.com.br\/site\/index.php?rest_route=\/wp\/v2\/pages\/645\/revisions\/646"}],"wp:attachment":[{"href":"http:\/\/osmosefilmes.com.br\/site\/index.php?rest_route=%2Fwp%2Fv2%2Fmedia&parent=645"}],"curies":[{"name":"wp","href":"https:\/\/api.w.org\/{rel}","templated":true}]}}

<p><a href="http://osmosefilmes.com.br/site/?attachment_id=635" rel="attachment wp-att-635"><img loading="lazy" class="alignnone size-large wp-image-635" alt="IMG_6757 (1)" src="http://osmosefilmes.com.br/site/wp-content/uploads/2017/03/IMG_6757-1-1024x753.jpg" width="584" height="429" srcset="http://osmosefilmes.com.br/site/wp-content/uploads/2017/03/IMG_6757-1-1024x753.jpg 1024w, http://osmosefilmes.com.br/site/wp-content/uploads/2017/03/IMG_6757-1-150x110.jpg 150w, http://osmosefilmes.com.br/site/wp-content/uploads/2017/03/IMG_6757-1-300x220.jpg 300w, http://osmosefilmes.com.br/site/wp-content/uploads/2017/03/IMG_6757-1-407x300.jpg 407w" sizes="(max-width: 584px) 100vw, 584px" /></a></p>
<p>Antropóloga, com mestrado em Antropologia Social pelo programa de pós graduação em Antropologia Social do Museu Nacional e doutorado em Antropologia Cultural pela UFRJ. Atualmente cursa pós doutorado no programa de Sociologia e Antropologia da UFRJ e é coordenadora associada do Núcleo de Experimentações em Etnografia e Imagem da UFRJ.</p>
<p>Foi professora no Departamaento de Ciências Sociais da PUC Rio e publicou diversos livros como “O Produtor Como Autor: o Digital Como Ferramenta, Fetiche e Estética”, “Música, Máquinas e Humanos: os DJs no Cenário da Música Eletrônica” e “A MPB em Discussão – Entrevistas”.</p>
<p>Realizou trabalhos na área de Antropologia com ênfase em Antropologia da Música, Antropologia Visual e em Antropologia da Arte.</p>

<p>Antropóloga, com mestrado em Antropologia Social pelo programa de pós graduação em Antropologia Social do Museu Nacional e doutorado em Antropologia Cultural pela UFRJ. Atualmente cursa pós doutorado no programa de Sociologia e Antropologia da UFRJ e é coordenadora associada do Núcleo de Experimentações em Etnografia e Imagem da UFRJ. Foi professora no Departamaento de [&hellip;]</p>
